{"id":48,"date":"2021-08-18T08:48:20","date_gmt":"2021-08-18T08:48:20","guid":{"rendered":"http:\/\/www2.szolnok.golgota.hu\/?page_id=48"},"modified":"2022-04-12T06:48:38","modified_gmt":"2022-04-12T06:48:38","slug":"isten-hozott","status":"publish","type":"page","link":"https:\/\/www.szolnok.golgota.hu\/","title":{"rendered":"Isten hozott a Golgota Kereszt\u00e9ny Gy\u00fclekezet Szolnok weboldal\u00e1n!"},"content":{"rendered":"\n<div class=\"wp-block-cover has-background-dim\"><img loading=\"lazy\" decoding=\"async\" width=\"1600\" height=\"600\" class=\"wp-block-cover__image-background wp-image-158\" alt=\"\" src=\"http:\/\/www2.szolnok.golgota.hu\/wp-content\/uploads\/2022\/04\/cropped-cropped-Szolnok23.jpeg\" style=\"object-position:50% 52%\" data-object-fit=\"cover\" data-object-position=\"50% 52%\" srcset=\"https:\/\/szolnok.golgota.hu\/wp-content\/uploads\/2022\/04\/cropped-cropped-Szolnok23.jpeg 1600w, https:\/\/szolnok.golgota.hu\/wp-content\/uploads\/2022\/04\/cropped-cropped-Szolnok23-300x113.jpeg 300w, https:\/\/szolnok.golgota.hu\/wp-content\/uploads\/2022\/04\/cropped-cropped-Szolnok23-768x288.jpeg 768w, https:\/\/szolnok.golgota.hu\/wp-content\/uploads\/2022\/04\/cropped-cropped-Szolnok23-1536x576.jpeg 1536w\" sizes=\"(max-width: 1600px) 100vw, 1600px\" \/><div class=\"wp-block-cover__inner-container is-layout-flow wp-block-cover-is-layout-flow\">\n<p class=\"has-text-align-center has-large-font-size\"><strong>Isten hozott a Golgota Kereszt\u00e9ny Gy\u00fclekezet Szolnok weboldal\u00e1n!<\/strong><\/p>\n\n\n\n<p class=\"has-text-align-center has-large-font-size\"><\/p>\n<\/div><\/div>\n\n\n\n<h2 class=\"has-text-align-center wp-block-heading\">Istentiszteleteinket&nbsp;<strong>vas\u00e1rnap 16 \u00f3rakor&nbsp;<\/strong>tartjuk Szolnok belv\u00e1ros\u00e1ban, a Kassai u. 15. alatt.<br>L\u00e1togass el hozz\u00e1nk, v\u00e1runk szeretettel!<\/h2>\n\n\n\n<p><br><\/p>\n\n\n\n<iframe src=\"https:\/\/www.google.com\/maps\/embed?pb=!1m18!1m12!1m3!1d2711.80905313345!2d20.191645215339335!3d47.18117502526238!2m3!1f0!2f0!3f0!3m2!1i1024!2i768!4f13.1!3m3!1m2!1s0x474141fa6ffd2187%3A0xe600210296241fc0!2sGolgota%20Kereszt%C3%A9ny%20Gy%C3%BClekezet%20Szolnok!5e0!3m2!1shu!2shu!4v1649746089811!5m2!1shu!2shu\" width=\"600\" height=\"450\" style=\"border:0;\" allowfullscreen=\"\" loading=\"lazy\" referrerpolicy=\"no-referrer-when-downgrade\"><\/iframe>\n","protected":false},"excerpt":{"rendered":"<p>Istentiszteleteinket&nbsp;vas\u00e1rnap 16 \u00f3rakor&nbsp;tartjuk Szolnok belv\u00e1ros\u00e1ban, a Kassai u. 15. alatt.L\u00e1togass el hozz\u00e1nk, v\u00e1runk szeretettel!<\/p>\n","protected":false},"author":3,"featured_media":158,"parent":0,"menu_order":0,"comment_status":"closed","ping_status":"closed","template":"template-page-builder-no-sidebar.php","meta":{"footnotes":""},"_links":{"self":[{"href":"https:\/\/www.szolnok.golgota.hu\/index.php?rest_route=\/wp\/v2\/pages\/48"}],"collection":[{"href":"https:\/\/www.szolnok.golgota.hu\/index.php?rest_route=\/wp\/v2\/pages"}],"about":[{"href":"https:\/\/www.szolnok.golgota.hu\/index.php?rest_route=\/wp\/v2\/types\/page"}],"author":[{"embeddable":true,"href":"https:\/\/www.szolnok.golgota.hu\/index.php?rest_route=\/wp\/v2\/users\/3"}],"replies":[{"embeddable":true,"href":"https:\/\/www.szolnok.golgota.hu\/index.php?rest_route=%2Fwp%2Fv2%2Fcomments&post=48"}],"version-history":[{"count":37,"href":"https:\/\/www.szolnok.golgota.hu\/index.php?rest_route=\/wp\/v2\/pages\/48\/revisions"}],"predecessor-version":[{"id":183,"href":"https:\/\/www.szolnok.golgota.hu\/index.php?rest_route=\/wp\/v2\/pages\/48\/revisions\/183"}],"wp:featuredmedia":[{"embeddable":true,"href":"https:\/\/www.szolnok.golgota.hu\/index.php?rest_route=\/wp\/v2\/media\/158"}],"wp:attachment":[{"href":"https:\/\/www.szolnok.golgota.hu\/index.php?rest_route=%2Fwp%2Fv2%2Fmedia&parent=48"}],"curies":[{"name":"wp","href":"https:\/\/api.w.org\/{rel}","templated":true}]}}